 the prime factors of g.
2
Let x = 2 + 2. Suppose -w + x = -14. What are the prime factors of w?
2, 3
Suppose 0 = -7*b - 11*b + 4410. What are the prime factors of b?
5, 7
Suppose -3*d = 3*d - 228. What are the prime factors of d?
2, 19
Let h(l) = l**3 - l**2 - 2*l - 2. Let y be h(3). Suppose 2*u - y = 4*k + 6, -4*u = 2*k - 82. List the prime factors of u.
2, 3
Let v(o) be the third derivative of -o**4/12 + o**2. Let r be v(-5). Suppose 5*h - 25 - r = 0. What are the prime factors of h?
7
Let g(i) = 4*i**3 + 2*i**2 - 9*i - 7. List the prime factors of g(4).
5, 7
Let n(u) = u**2 + 8*u - 6. What are the prime factors of n(-12)?
2, 3, 7
Let g(a) = -30*a + 3. List the prime factors of g(-1).
3, 11
Suppose 7*u = 3*u + 204. List the prime factors of u.
3, 17
Let d(m) = m + 15. Let w be d(-12). List the prime factors of (1/w)/((-4)/(-36)).
3
Let s be 6/(2 + -3 - -3). Let f = s + 9. What are the prime factors of f?
2, 3
Let p(k) = -2*k**2 - 2*k + 1. Let t be p(-4). Let n = 37 + t. Let y = n + -8. What are the prime factors of y?
2, 3
Let s(c) = 2*c**3 + 24*c**2 - 10*c. List the prime factors of s(-12).
2, 3, 5
Let o = -24 - -40. Let b be (-316)/(-10) + o/40. Suppose 2*g - 3*t = 15, -2*g + b = 2*t - 8. List the prime factors of g.
3, 5
Suppose 0*p = 3*p. Suppose 2*x = -q - p*x + 32, -x = -5. List the prime factors of q.
2, 11
Let u = -145 - -247. What are the prime factors of u?
2, 3, 17
Suppose 28 - 76 = -4*i. What are the prime factors of 74/i - (-1)/(-6)?
2, 3
Let o(s) be the first derivative of -s**2/2 + 16*s - 1. Let g be o(7). What are the prime factors of 38/6 + (-3)/g?
2, 3
Suppose 3*q - 16 = -q. Suppose 5*t = t - q. What are the prime factors of (2*-5 + 1)/t?
3
Let h(q) = -q**3 - 5*q**2 + 2. Let g be h(-5). Let t = 5 + g. What are the prime factors of t?
7
Suppose -2*v - 3*t + 109 = 0, 2*v + t = 5*t + 88. List the prime factors of v.
2, 5
Let x = 6 - 1. Let s = 5 - x. Suppose -n + 4 = -s*n. List the prime factors of n.
2
Let z(h) = -h**3 + 4*h**2. Let n be z(4). Let i = 2 + n. Suppose -4*w + 4 = 5*y - 2, -5*y + 12 = -i*w. What are the prime factors of y?
2
Suppose -4*i = -3*i + 2*j - 28, 0 = 2*i - 4*j - 88. List the prime factors of i.
2, 3
Let j be 113 - ((-2)/2 + 2). Let a = j - 72. What are the prime factors of a?
2, 5
Suppose 78 = 5*u + 3. Let h = -9 + u. What are the prime factors of h?
2, 3
Suppose -3*j + 2*j - v - 3 = 0, 2*j - 14 = 2*v. What are the prime factors of 2*(19/j - 1)?
17
What are the prime factors of -1*((-669)/11 + 10/(-55))?
61
Let g = -4 + 87. List the prime factors of g.
83
Let m(q) = -4*q - 1. Let f be -3 - 7/((-28)/8). List the prime factors of m(f).
3
Let l = -135 - -180. What are the prime factors of l?
3, 5
List the prime factors of 450/21 - 16/(-28).
2, 11
Let k(a) = -2*a - 4. Let h be k(-3). Suppose -h*r + 130 = 3*r. What are the prime factors of r?
2, 13
Let x(f) = -2*f**2 - 3*f + 4. Let s be (-1*2)/2 - -4. Let h be x(s). Let q = -14 - h. List the prime factors of q.
3
Let k = 190 + -135. What are the prime factors of k?
5, 11
Let v = 22 - -5. What are the prime factors of v?
3
Suppose 0 = b + 4 - 3, d = 3*b + 145. What are the prime factors of d?
2, 71
Suppose 4*x = -3*t + 6, -5*x - 3*t + 21 = -6*t. Suppose 2*g - 67 = x. List the prime factors of g.
5, 7
Suppose 0 = 2*a - 10, 2*p + a = -4*a + 83. List the prime factors of p.
29
Let m(y) = 5*y**2 + 2*y. Let v be m(-1). Suppose -4*t + 3 + 13 = 0, -v*t + 42 = 2*a. List the prime factors of a.
3, 5
Let h = -18 - -49. List the prime factors of h.
31
Let r(v) = v**3 - 5*v**2 + 4*v + 5. Let u be (2 - 0)/(1/2). List the prime factors of r(u).
5
Suppose -1 + 43 = m + r, 0 = 4*m - 2*r - 150. Let q be (-2)/5 + 351/15. Let x = m - q. What are the prime factors of x?
2
Suppose o + 333 = 2*k, -k + 172 = -4*o + 9. What are the prime factors of k?
167
Let b be ((-5)/(-3))/((-2)/(-6)). Let h be 1/(1 - 6/b). Let w = h + 10. What are the prime factors of w?
5
Let m = 75 - 21. List the prime factors of m.
2, 3
Let y = 17 + 6. What are the prime factors of y?
23
Let a be -3*-3*(-80)/(-45). Let k(s) = s**2 + s - 5. Let g be k(0). Let l = a + g. List the prime factors of l.
11
What are the prime factors of (-20*5/14)/((-6)/42)?
2, 5
Suppose 0 = -2*f - 6, 5*f + 1 = -d - 10. Suppose -d*p = -b - 6, -2*p + 6 = 2. What are the prime factors of (b/4)/((-1)/(-22))?
11
Suppose 2*o - 174 = 4*s, 271 = 4*o - o + 4*s. List the prime factors of o.
89
Let z(j) = 6*j**2 - 2*j - 2. Let g be z(-2). Suppose 0*b + g = 2*b. What are the prime factors of b?
13
Suppose -5*d + 24 = 9. Suppose 3*r = -2*t - 1, r - t = -d*t - 7. Suppose 30 = -0*z + r*z. List the prime factors of z.
2, 5
Let r be 0/(1*(6 - 3)). What are the prime factors of (22 + 0)*(r - -1)?
2, 11
Let u(j) = -j**3 - 8*j**2 - 6*j + 1. Let t be u(-7). Let b = -25 - t. Let k = b - -32. List the prime factors of k.
13
Suppose 0 = -5*w + 6 + 4. Suppose w*y - 100 = -12. List the prime factors of y.
2, 11
Suppose 830 = 3*m - 5*t - 294, 4*m + 2*t = 1542. List the prime factors of m.
383
Suppose 134 = -4*p + 6*p. List the prime factors of p.
67
Let a = 182 + -75. What are the prime factors of a?
107
Let y = 52 + -11. Suppose 0 = -5*a + 4*j + y, a + 15 = -j - 4*j. Suppose 19 = o + 5*u, 4*o + a*u - 25 = 6. List the prime factors of o.
2
Suppose 5*b + 79 = 3*l, -209 + 57 = -4*l - 5*b. What are the prime factors of l?
3, 11
Let u(x) = x**2 - 4*x - 11. Let s = 17 + -9. Let i be u(s). Let k = i + -12. List the prime factors of k.
3
Suppose -26 = -5*f - 1. What are the prime factors of f?
5
Suppose 0 = 6*a - 3*a. Suppose -2*i - 3*i - 2 = -4*g, a = i - g. Let r = i - -14. What are the prime factors of r?
2, 3
List the prime factors of (3/(-2))/((-96)/2624).
41
Suppose v - 3*n + 97 = -3*v, -4*v = -5*n + 103. Let s = -9 - v. Suppose -4*r - s + 61 = 0. What are the prime factors of r?
2, 3
Let g be (-9)/12 - (-2)/(-8). Let m(o) = -24*o**3 + 1. List the prime factors of m(g).
5
Suppose -4*m + 3*m = 3*u - 57, -2*m + u + 114 = 0. What are the prime factors of m?
3, 19
Suppose -5*g = 2*a - 4*a - 15, 6 = 2*g - a. Suppose -g*y + 2 = -2*y. What are the prime factors of y?
2
Let s(d) = 5*d. Let t be s(1). Suppose 3*l - 29 = -4*b, -2*l = -7*l - t. List the prime factors of b.
2
Let a(l) = 2*l**2 + 2*l - 3. Let x(z) = -3*z**3 + z. Let q = 2 - 3. Let n be x(q). List the prime factors of a(n).
3
Suppose -5*d + 3*d + 24 = 0. Let f = 20 - d. Suppose -8 = -i + f. What are the prime factors of i?
2
Let b = 467 - 282. List the prime factors of b.
5, 37
Suppose -213 = -3*x - 36. List the prime factors of x.
59
Let m(u) be the second derivative of u**5/20 + 7*u**4/12 - 7*u**3/6 + 3*u**2 - 2*u. Let y be m(-8). What are the prime factors of (7 - 2)*2 + y?
2
Let j(a) = -a**2 - 13*a + 2. List the prime factors of j(-8).
2, 3, 7
Let n = -2 - 3. Let a(h) = 2*h + 0*h**3 - 3*h**3 - 6 + 2*h**3 - 4*h**2. List the prime factors of a(n).
3
Suppose 4*b - 9*b + 65 = 0. List the prime factors of b.
13
What are the prime factors of -29*(-4 + 1 + 2)?
29
Suppose -t = -3*r + 4*t - 13, 3*r = t + 7. Suppose r*a - 115 = -a. List the prime factors of a.
23
Suppose -2*m + 5*m - 55 = j, -2*m = -3*j - 32. Let q = -7 + m. Suppose 3*w - 4*w + q = 0. What are the prime factors of w?
2, 3
Let z = -4 + 8. Suppose -t + 2*t + z*a - 27 = 0, 4*t + 3*a = 82. Suppose 0 = 3*x - u - t, -4*x - 2*u = -u - 30. List the prime factors of x.
7
Suppose 16*s - 380 = 12*s. List the prime factors of s.
5, 19
Let n(y) = -y + 1. Let g be n(-5). Let t = g - 3. Suppose t*s + 65 = 8*s. List the prime factors of s.
13
What are the prime factors of (-2)/(-8) - 637/(-28)?
23
List the prime factors of ((-28)/48)/((-2)/8)*33.
7, 11
Suppose 20 = 5*t - 70. Suppose 2*j - 5*x = -5 + 29, 0 = -5*j + 2*x + t. Suppose j*y - 15 = -y. What are the prime factors of y?
5
Let u = -79 + 142. List the prime factors of u.
3, 7
Let q(l) = 9*l - 6. List the prime factors of q(18).
2, 3, 13
Suppose -4*u - 7 = -19. Let k = u - 6. Let h = k + 5. List the prime factors of h.
2
Let z be (-36)/(-4) - 1*2. Suppose -z*c = -3*c - 104. Let b = 37 - c. What are the prime factors of b?
11
Let n = 44 - 24. Suppose -2*m - 4*y = -0*m - 28, -5*y = m - n. Let d = m + 0. What are the prime factors of d?
2, 5
Let z be -1 + -2 + -1 + 2. What are the prime factors of z/(-3